 -1100000000?
1011000101
In base 5, what is 1242432 + 0?
1242432
In base 10, what is 804 + 1623?
2427
In base 4, what is 2 - -113222?
113230
In base 11, what is -7 - -35662?
35656
In base 12, what is -6a8b0 - -4?
-6a8a8
In base 10, what is 924168 + 0?
924168
In base 2, what is 110 - 101111011?
-101110101
In base 9, what is 10 - -43846?
43856
In base 3, what is 10112021 - 122?
10111122
In base 15, what is 5 - -9bbe?
9bc4
In base 4, what is -23 + -3333222?
-3333311
In base 4, what is -22321113 + -12?
-22321131
In base 10, what is 15 - -14300?
14315
In base 13, what is 999c - b?
9991
In base 6, what is 2451025 + 31?
2451100
In base 15, what is 29d6 - 47?
298e
In base 15, what is 50 - -2d1?
331
In base 2, what is -1 + 10111011111?
10111011110
In base 12, what is -baa + -11?
-bbb
In base 9, what is -17535 - 32?
-17567
In base 8, what is 712 + 1304?
2216
In base 11, what is -1094 - 129?
-1212
In base 13, what is -163 - 3475?
-3608
In base 14, what is 2 - -25d39?
25d3b
In base 2, what is -1010100001010100 + -101?
-1010100001011001
In base 13, what is 1b287 - -5?
1b28c
In base 7, what is -4 - 4423130?
-4423134
In base 16, what is -263 + a81?
81e
In base 10, what is 79173 - 6?
79167
In base 10, what is -2657 + 39?
-2618
In base 8, what is -3 + -2772501?
-2772504
In base 14, what is 84c6 - c?
84b8
In base 3, what is 2211120 + 1212?
2220102
In base 4, what is 3201303133 - 11?
3201303122
In base 5, what is 431 - -10424?
11410
In base 2, what is -1000 + -1011110010010001110?
-1011110010010010110
In base 13, what is -4754a + -4?
-47551
In base 13, what is -4 + -55ca?
-5601
In base 4, what is 10 - -3303302?
3303312
In base 12, what is -73 - 17b3?
-1866
In base 13, what is -1670 + 3bb?
-1282
In base 2, what is 110010011100110 - 10?
110010011100100
In base 5, what is 3 + -21131100?
-21131042
In base 15, what is -14 - c42?
-c56
In base 16, what is -1 - 345?
-346
In base 14, what is -2649 + -1?
-264a
In base 5, what is 1323 + -121?
1202
In base 3, what is 1100012 - 110?
1022202
In base 11, what is -2 + -12a1?
-12a3
In base 7, what is 46 - -512?
561
In base 12, what is -bb - 7555?
-7654
In base 13, what is -c - 156a8c?
-156a9b
In base 14, what is -dd29 + 2?
-dd27
In base 4, what is 10310 + 122133?
133103
In base 7, what is -266 + 162?
-104
In base 9, what is -15 - -1615?
1600
In base 6, what is -512444 + 103?
-512341
In base 9, what is 440 + 41?
481
In base 16, what is -a4 - 4f7?
-59b
In base 11, what is -3535 + 26?
-350a
In base 6, what is 10 + -241012?
-241002
In base 14, what is -2 + 1168b4?
1168b2
In base 16, what is -c28 - 536?
-115e
In base 8, what is 440 + -1077?
-437
In base 10, what is 36 - -630?
666
In base 15, what is 42636b + 3?
42636e
In base 12, what is 3 - -8b80a?
8b811
In base 13, what is -1848b - -8?
-18483
In base 2, what is -100010 - -10100111?
10000101
In base 2, what is -1010011000011001 + -101?
-1010011000011110
In base 14, what is -21 - 1435?
-1456
In base 14, what is -15 + -199d?
-19b4
In base 3, what is 22001 + -1002?
20222
In base 4, what is -11 - -12313223?
12313212
In base 12, what is -13 - -130a8?
13095
In base 10, what is 1431 - 3647?
-2216
In base 14, what is -c993 + -3?
-c996
In base 3, what is -1222222221 - 1?
-1222222222
In base 6, what is 253 + 30215?
30512
In base 5, what is -44 + 11103403?
11103304
In base 11, what is 48089 + 8?
48096
In base 5, what is 34104110 - -3?
34104113
In base 12, what is 1 + 789?
78a
In base 3, what is 120000 + 22122122?
100012122
In base 10, what is 29 - 250437?
-250408
In base 4, what is -10 - -102100000?
102033330
In base 9, what is 20461 + -1?
20460
In base 10, what is 2329 + -197?
2132
In base 4, what is 1030 + -202131?
-201101
In base 8, what is 50 + 771?
1041
In base 7, what is 4 - 24620?
-24613
In base 15, what is 2771 + -1c?
2754
In base 3, what is 20211021020022 + 12?
20211021020111
In base 16, what is -12da - 5?
-12df
In base 12, what is 5 + -b860?
-b857
In base 15, what is -3 + 2592?
258e
In base 14, what is 111 - 3b18?
-3a07
In base 12, what is 8b55a + -9?
8b551
In base 2, what is -1101100110000101 + -11?
-1101100110001000
In base 12, what is 5 - -11901?
11906
In base 6, what is -1 - -1000010?
1000005
In base 10, what is 511957 - 3?
511954
In base 14, what is 1 - -d623d?
d6240
In base 2, what is -1101000001010 + 10001?
-1100111111001
In base 14, what is -5 + 6a659?
6a654
In base 3, what is -2 + -110120111?
-110120120
In base 14, what is 2 - -2aad?
2ab1
In base 12, what is 19 + -248?
-22b
In base 3, what is -11 - 10212122?
-10212210
In base 11, what is -38 + 2aa7a?
2aa42
In base 12, what is a9 + ab8?
ba5
In base 12, what is 2a84a + 3?
2a851
In base 3, what is 1221002 + -1102?
1212200
In base 12, what is 298 + 79?
355
In base 3, what is -10200100 + 2122?
-10120201
In base 3, what is 1 - 102222102?
-102222101
In base 10, what is -1462 + -152?
-1614
In base 12, what is 54908 + -4?
54904
In base 6, what is -23115 - 443?
-24002
In base 12, what is 3 - 604b6?
-604b3
In base 7, what is -23 + -563142?
-563165
In base 13, what is 28 + 1ba9?
1c04
In base 7, what is -12 + 40565?
40553
In base 12, what is 1aa9 + 395?
2282
In base 3, what is -2010122 - -1?
-2010121
In base 13, what is -59b80 + -3?
-59b83
In base 3, what is -1 + 10211221?
10211220
In base 3, what is -20220011111 - 20?
-20220011201
In base 3, what is 1200100 - 22000?
1101100
In base 8, what is -3 - -101263?
101260
In base 7, what is -5404 - 35?
-5442
In base 2, what is -1101001000 - 101000010?
-10010001010
In base 11, what is -51 - 2438?
-2489
In base 2, what is 1 + -10000000100101101?
-10000000100101100
In base 8, what is 1327 - 213?
1114
In base 14, what is 43239 - -8?
43243
In base 12, what is 1475 - 322?
1153
In base 4, what is -322103312 + 3?
-322103303
In base 13, what is -460 - -a1?
-38c
In base 16, what is -56 - -1b4f?
1af9
In base 14, what is -5 - 73531?
-73536
In base 9, what is -1017061 - -5?
-1017055
In base 8, what is -3 - 26405?
-26410
In base 10, what is -43 - -488?
445
In base 10, what is -739 - -24?
-715
In base 10, what is -311 - -114?
-197
In base 2, what is 110101 - -1001011110?
1010010011
In base 16, what is -df7 + -27?
-e1e
In base 9, what is 3 - -331?
334
In base 3, what is 112010101 - 11?
112010020
In base 9, what is 4 + -10282?
-10277
In base 16, what is d402 + 4?
d406
In base 3, what is 12022212022 + 1102?
12022220201
In base 14, what is 27 + -4b?
-24
In base 3, what is -2011 + -1001000021?
-1001002102
In base 12, what is b9a + -110?
a8a
In base 9, what is -2 - 5213?
-5215
In base 9, what is 274255 + 3?
274258
In base 16, what is 1 + 5e95?
5e96
In base 4, what is -3 - 1022112?
-1022121
In base 4, what is 11 + 20101200?
20101211
In base 7, what is -5113 + 61?
-5022
In base 2, what is 1000110100110000101100 - -100?
1000110100110000110000
In base 6, what is 140540 - -5?
140545
In base 15, what is 5 + 9be9?
9bee
In base 7, what is 1110412 + -22?
1110360
In base 2, what is 1011100010001 - 110?
1011100001011
In base 8, what is 1000 - -3?
1003
In base 8, what is 0 + 46104?
46104
In base 4, what is -10 - -1100023120?
1100023110
In base 16, what is -2 + 541d?
541b
In base 15, what is -4c71 - -6?
-4c6a
In base 2, what is 10 - 1110001011001?
-1110001010111
In base 4, what is 2123 - -3023?
11212
In base 13, what is -5 + 226401?
2263c9
In base 11, what is 3 - -36326?
36329
In base 6, what is -1013 + 25043?
24030
In base 16, what is c0a2 - 0?
c0a2
In base 2, what is -110001100000 - -1011?
-110001010101
In base 16, what is -5 + c05ec?
c05e7
In base 11, what is 15 - -1157?
1171
In base 3, what is 11200 - 110222?
-22022
In base 10, what is 304 + -2284?
-1980
In base 6, what is 12254 + -34?
12220
In base 9, what is 570 + -53?
516
In base 12, what is -14b - 471?
-600
In base 8, what is 42 - 40363?
-40321
In base 15, what is -ad74 + 14?
-ad60
In base 7, what is -6034 - 0?
-6034
In base 7, what is 11 - -15633?
15644
In base 15, what is -777 - 7dc?
-1064
In base 2, what is 1110110111 - 1100?
1110101011
In base 4, what is 11000331 + 1?
11000332
In base 14, what is -15c + 2?
-15a
In base 6, what is 15 - 10541513?
-10541454
In base 7, what is -3663 + 24?
-3636
In base 5, what is 223 - -110042?
110320
In base 3, what is 22220 - -200002?
222222
In base 14, what is 3 - -1b03a?
1b03d
In base 15, what is 16d42 + 0?
16d42
In base 5, what